{"id":354,"date":"2022-10-31T11:30:09","date_gmt":"2022-10-31T10:30:09","guid":{"rendered":"https:\/\/ladouka.com\/?page_id=354"},"modified":"2026-03-27T16:25:59","modified_gmt":"2026-03-27T15:25:59","slug":"evenements","status":"publish","type":"page","link":"https:\/\/ladouka.com\/index.php\/evenements\/","title":{"rendered":"\u00c9v\u00e9nements"},"content":{"rendered":"\t\t<div data-elementor-type=\"wp-page\" data-elementor-id=\"354\" class=\"elementor elementor-354\">\n\t\t\t\t\t\t\t\t\t<section class=\"elementor-section elementor-top-section elementor-element elementor-element-2b37705 elementor-section-height-min-height elementor-section-boxed elementor-section-height-default elementor-section-items-middle\" data-id=\"2b37705\" data-element_type=\"section\" data-settings=\"{&quot;background_background&quot;:&quot;slideshow&quot;,&quot;background_slideshow_gallery&quot;:[{&quot;id&quot;:104,&quot;url&quot;:&quot;https:\\\/\\\/ladouka.com\\\/wp-content\\\/uploads\\\/2022\\\/04\\\/20211105_144210-scaled.jpg&quot;},{&quot;id&quot;:105,&quot;url&quot;:&quot;https:\\\/\\\/ladouka.com\\\/wp-content\\\/uploads\\\/2022\\\/04\\\/IMG_20220208_203924_076.jpg&quot;},{&quot;id&quot;:119,&quot;url&quot;:&quot;https:\\\/\\\/ladouka.com\\\/wp-content\\\/uploads\\\/2022\\\/10\\\/20220709_152037-scaled.jpg&quot;},{&quot;id&quot;:118,&quot;url&quot;:&quot;https:\\\/\\\/ladouka.com\\\/wp-content\\\/uploads\\\/2022\\\/10\\\/20220503_104130-scaled.jpg&quot;},{&quot;id&quot;:117,&quot;url&quot;:&quot;https:\\\/\\\/ladouka.com\\\/wp-content\\\/uploads\\\/2022\\\/10\\\/20220330_140458-scaled.jpg&quot;}],&quot;background_slideshow_loop&quot;:&quot;yes&quot;,&quot;background_slideshow_slide_duration&quot;:5000,&quot;background_slideshow_slide_transition&quot;:&quot;fade&quot;,&quot;background_slideshow_transition_duration&quot;:500}\">\n\t\t\t\t\t\t\t<div class=\"elementor-background-overlay\"><\/div>\n\t\t\t\t\t\t\t<div class=\"elementor-container elementor-column-gap-default\">\n\t\t\t\t\t<div class=\"elementor-column elementor-col-100 elementor-top-column elementor-element elementor-element-92b8b80\" data-id=\"92b8b80\" data-element_type=\"column\">\n\t\t\t<div class=\"elementor-widget-wrap elementor-element-populated\">\n\t\t\t\t\t\t\t\t<div class=\"elementor-element elementor-element-57a633d elementor-widget elementor-widget-image\" data-id=\"57a633d\" data-element_type=\"widget\" data-widget_type=\"image.default\">\n\t\t\t\t<div class=\"elementor-widget-container\">\n\t\t\t<style>\/*! elementor - v3.12.2 - 23-04-2023 *\/\n.elementor-widget-image{text-align:center}.elementor-widget-image a{display:inline-block}.elementor-widget-image a img[src$=\".svg\"]{width:48px}.elementor-widget-image img{vertical-align:middle;display:inline-block}<\/style>\t\t\t\t\t\t\t\t\t\t\t\t\t<a href=\"https:\/\/ladouka.com\/\">\n\t\t\t\t\t\t\t<img decoding=\"async\" src=\"https:\/\/ladouka.com\/wp-content\/uploads\/elementor\/thumbs\/dk_blanc-pwb7gedyjccsjld42tocxbkav2wr2r9iqeprw2a9ds.png\" title=\"dk_blanc\" alt=\"dk_blanc\" loading=\"lazy\" \/>\t\t\t\t\t\t\t\t<\/a>\n\t\t\t\t\t\t\t\t\t\t\t\t\t\t\t<\/div>\n\t\t\t\t<\/div>\n\t\t\t\t<div class=\"elementor-element elementor-element-b92f96f elementor-widget elementor-widget-text-editor\" data-id=\"b92f96f\" data-element_type=\"widget\" data-widget_type=\"text-editor.default\">\n\t\t\t\t<div class=\"elementor-widget-container\">\n\t\t\t<style>\/*! elementor - v3.12.2 - 23-04-2023 *\/\n.elementor-widget-text-editor.elementor-drop-cap-view-stacked .elementor-drop-cap{background-color:#69727d;color:#fff}.elementor-widget-text-editor.elementor-drop-cap-view-framed .elementor-drop-cap{color:#69727d;border:3px solid;background-color:transparent}.elementor-widget-text-editor:not(.elementor-drop-cap-view-default) .elementor-drop-cap{margin-top:8px}.elementor-widget-text-editor:not(.elementor-drop-cap-view-default) .elementor-drop-cap-letter{width:1em;height:1em}.elementor-widget-text-editor .elementor-drop-cap{float:left;text-align:center;line-height:1;font-size:50px}.elementor-widget-text-editor .elementor-drop-cap-letter{display:inline-block}<\/style>\t\t\t\t<p><b>\u00c9V\u00c9NEMENTS<\/b><\/p>\t\t\t\t\t\t<\/div>\n\t\t\t\t<\/div>\n\t\t\t\t\t<\/div>\n\t\t<\/div>\n\t\t\t\t\t\t\t<\/div>\n\t\t<\/section>\n\t\t\t\t<section class=\"elementor-section elementor-top-section elementor-element elementor-element-ffad0a4 elementor-section-boxed elementor-section-height-default elementor-section-height-default\" data-id=\"ffad0a4\" data-element_type=\"section\">\n\t\t\t\t\t\t<div class=\"elementor-container elementor-column-gap-default\">\n\t\t\t\t\t<div class=\"elementor-column elementor-col-50 elementor-top-column elementor-element elementor-element-759c3f2\" data-id=\"759c3f2\" data-element_type=\"column\">\n\t\t\t<div class=\"elementor-widget-wrap elementor-element-populated\">\n\t\t\t\t\t\t\t\t<div class=\"elementor-element elementor-element-949c443 elementor-widget elementor-widget-image\" data-id=\"949c443\" data-element_type=\"widget\" data-widget_type=\"image.default\">\n\t\t\t\t<div class=\"elementor-widget-container\">\n\t\t\t\t\t\t\t\t\t\t\t\t\t\t\t<img decoding=\"async\" src=\"https:\/\/ladouka.com\/wp-content\/uploads\/elementor\/thumbs\/AdobeStock_189657194-1-pmqbw12aqn7egt0fs34dlaeugbe59lpt0hijbjoxx4.jpeg\" title=\"Set of Various spices on dark stone table.\" alt=\"Set of Various spices on dark stone table. Long banner format.\" loading=\"lazy\" \/>\t\t\t\t\t\t\t\t\t\t\t\t\t\t\t<\/div>\n\t\t\t\t<\/div>\n\t\t\t\t\t<\/div>\n\t\t<\/div>\n\t\t\t\t<div class=\"elementor-column elementor-col-50 elementor-top-column elementor-element elementor-element-56829d6\" data-id=\"56829d6\" data-element_type=\"column\">\n\t\t\t<div class=\"elementor-widget-wrap elementor-element-populated\">\n\t\t\t\t\t\t\t\t<div class=\"elementor-element elementor-element-66b91b4 elementor-widget elementor-widget-heading\" data-id=\"66b91b4\" data-element_type=\"widget\" data-widget_type=\"heading.default\">\n\t\t\t\t<div class=\"elementor-widget-container\">\n\t\t\t<style>\/*! elementor - v3.12.2 - 23-04-2023 *\/\n.elementor-heading-title{padding:0;margin:0;line-height:1}.elementor-widget-heading .elementor-heading-title[class*=elementor-size-]>a{color:inherit;font-size:inherit;line-height:inherit}.elementor-widget-heading .elementor-heading-title.elementor-size-small{font-size:15px}.elementor-widget-heading .elementor-heading-title.elementor-size-medium{font-size:19px}.elementor-widget-heading .elementor-heading-title.elementor-size-large{font-size:29px}.elementor-widget-heading .elementor-heading-title.elementor-size-xl{font-size:39px}.elementor-widget-heading .elementor-heading-title.elementor-size-xxl{font-size:59px}<\/style><h2 class=\"elementor-heading-title elementor-size-default\">Nos activit\u00e9s,<\/h2>\t\t<\/div>\n\t\t\t\t<\/div>\n\t\t\t\t<div class=\"elementor-element elementor-element-3dc6001 elementor-widget elementor-widget-text-editor\" data-id=\"3dc6001\" data-element_type=\"widget\" data-widget_type=\"text-editor.default\">\n\t\t\t\t<div class=\"elementor-widget-container\">\n\t\t\t\t\t\t\t<p>Se rencontrer, \u00e9changer, transmettre, valoriser des savoir-faire au travers de la cuisine mais pas que!\u00a0<\/p><p>Cultivons notre curiosit\u00e9, note ouverture d&rsquo;esprit, notre envie d&rsquo;apprendre et de d\u00e9couverte.<\/p><p>Nous proposons des ateliers et des \u00e9v\u00e9nements culinaires et culturels, sur inscription par mail ou sms.<\/p>\t\t\t\t\t\t<\/div>\n\t\t\t\t<\/div>\n\t\t\t\t\t<\/div>\n\t\t<\/div>\n\t\t\t\t\t\t\t<\/div>\n\t\t<\/section>\n\t\t\t\t<section class=\"elementor-section elementor-top-section elementor-element elementor-element-7033aca elementor-section-boxed elementor-section-height-default elementor-section-height-default\" data-id=\"7033aca\" data-element_type=\"section\">\n\t\t\t\t\t\t<div class=\"elementor-container elementor-column-gap-default\">\n\t\t\t\t\t<div class=\"elementor-column elementor-col-50 elementor-top-column elementor-element elementor-element-45ada12\" data-id=\"45ada12\" data-element_type=\"column\">\n\t\t\t<div class=\"elementor-widget-wrap elementor-element-populated\">\n\t\t\t\t\t\t\t\t<div class=\"elementor-element elementor-element-5ed6925 elementor-widget__width-initial elementor-widget elementor-widget-image\" data-id=\"5ed6925\" data-element_type=\"widget\" data-widget_type=\"image.default\">\n\t\t\t\t<div class=\"elementor-widget-container\">\n\t\t\t\t\t\t\t\t\t\t\t\t\t\t\t<img loading=\"lazy\" decoding=\"async\" width=\"800\" height=\"1000\" src=\"https:\/\/ladouka.com\/wp-content\/uploads\/2026\/03\/cuisine-819x1024.png\" class=\"attachment-large size-large wp-image-1367\" alt=\"\" srcset=\"https:\/\/ladouka.com\/wp-content\/uploads\/2026\/03\/cuisine-819x1024.png 819w, https:\/\/ladouka.com\/wp-content\/uploads\/2026\/03\/cuisine-240x300.png 240w, https:\/\/ladouka.com\/wp-content\/uploads\/2026\/03\/cuisine-768x960.png 768w, https:\/\/ladouka.com\/wp-content\/uploads\/2026\/03\/cuisine-1229x1536.png 1229w, https:\/\/ladouka.com\/wp-content\/uploads\/2026\/03\/cuisine-1638x2048.png 1638w, https:\/\/ladouka.com\/wp-content\/uploads\/2026\/03\/cuisine-scaled.png 2048w\" sizes=\"auto, (max-width: 800px) 100vw, 800px\" \/>\t\t\t\t\t\t\t\t\t\t\t\t\t\t\t<\/div>\n\t\t\t\t<\/div>\n\t\t\t\t\t<\/div>\n\t\t<\/div>\n\t\t\t\t<div class=\"elementor-column elementor-col-50 elementor-top-column elementor-element elementor-element-3008fac\" data-id=\"3008fac\" data-element_type=\"column\">\n\t\t\t<div class=\"elementor-widget-wrap elementor-element-populated\">\n\t\t\t\t\t\t\t\t<div class=\"elementor-element elementor-element-68f58af elementor-widget elementor-widget-text-editor\" data-id=\"68f58af\" data-element_type=\"widget\" data-widget_type=\"text-editor.default\">\n\t\t\t\t<div class=\"elementor-widget-container\">\n\t\t\t\t\t\t\t<div><div><div style=\"font-size: 37.7258px; line-height: 1.03; direction: ltr; letter-spacing: 0em; text-transform: none; text-align: left;\"><p><span style=\"font-weight: bold; font-style: italic; color: #b42923;\">\u00a0<\/span><\/p><p><span style=\"font-weight: bold; font-style: italic; color: #b42923;\">\u00a0<\/span><\/p><p><span style=\"font-weight: bold; font-style: italic; color: #b42923;\">\u00a0<\/span><\/p><p><span style=\"font-weight: bold; font-style: italic; color: #b42923;\"><a href=\"https:\/\/www.helloasso.com\/associations\/la-douka\/evenements\/atelier-cuisine-du-04-04-2026\">Cliquez ici pour r\u00e9server<\/a><\/span><\/p><\/div><\/div><\/div>\t\t\t\t\t\t<\/div>\n\t\t\t\t<\/div>\n\t\t\t\t\t<\/div>\n\t\t<\/div>\n\t\t\t\t\t\t\t<\/div>\n\t\t<\/section>\n\t\t\t\t<section class=\"elementor-section elementor-top-section elementor-element elementor-element-068b51c elementor-section-boxed elementor-section-height-default elementor-section-height-default\" data-id=\"068b51c\" data-element_type=\"section\">\n\t\t\t\t\t\t<div class=\"elementor-container elementor-column-gap-default\">\n\t\t\t\t\t<div class=\"elementor-column elementor-col-100 elementor-top-column elementor-element elementor-element-0da03ab\" data-id=\"0da03ab\" data-element_type=\"column\">\n\t\t\t<div class=\"elementor-widget-wrap\">\n\t\t\t\t\t\t\t\t\t<\/div>\n\t\t<\/div>\n\t\t\t\t\t\t\t<\/div>\n\t\t<\/section>\n\t\t\t\t<section class=\"elementor-section elementor-top-section elementor-element elementor-element-b68d555 elementor-section-boxed elementor-section-height-default elementor-section-height-default\" data-id=\"b68d555\" data-element_type=\"section\">\n\t\t\t\t\t\t<div class=\"elementor-container elementor-column-gap-default\">\n\t\t\t\t\t<div class=\"elementor-column elementor-col-100 elementor-top-column elementor-element elementor-element-5346640\" data-id=\"5346640\" data-element_type=\"column\">\n\t\t\t<div class=\"elementor-widget-wrap elementor-element-populated\">\n\t\t\t\t\t\t\t\t<div class=\"elementor-element elementor-element-2110c85 elementor-widget elementor-widget-spacer\" data-id=\"2110c85\" data-element_type=\"widget\" data-widget_type=\"spacer.default\">\n\t\t\t\t<div class=\"elementor-widget-container\">\n\t\t\t<style>\/*! elementor - v3.12.2 - 23-04-2023 *\/\n.elementor-column .elementor-spacer-inner{height:var(--spacer-size)}.e-con{--container-widget-width:100%}.e-con-inner>.elementor-widget-spacer,.e-con>.elementor-widget-spacer{width:var(--container-widget-width,var(--spacer-size));--align-self:var(--container-widget-align-self,initial);--flex-shrink:0}.e-con-inner>.elementor-widget-spacer>.elementor-widget-container,.e-con-inner>.elementor-widget-spacer>.elementor-widget-container>.elementor-spacer,.e-con>.elementor-widget-spacer>.elementor-widget-container,.e-con>.elementor-widget-spacer>.elementor-widget-container>.elementor-spacer{height:100%}.e-con-inner>.elementor-widget-spacer>.elementor-widget-container>.elementor-spacer>.elementor-spacer-inner,.e-con>.elementor-widget-spacer>.elementor-widget-container>.elementor-spacer>.elementor-spacer-inner{height:var(--container-widget-height,var(--spacer-size))}<\/style>\t\t<div class=\"elementor-spacer\">\n\t\t\t<div class=\"elementor-spacer-inner\"><\/div>\n\t\t<\/div>\n\t\t\t\t<\/div>\n\t\t\t\t<\/div>\n\t\t\t\t\t<\/div>\n\t\t<\/div>\n\t\t\t\t\t\t\t<\/div>\n\t\t<\/section>\n\t\t\t\t<section class=\"elementor-section elementor-top-section elementor-element elementor-element-75fd9dd elementor-section-boxed elementor-section-height-default elementor-section-height-default\" data-id=\"75fd9dd\" data-element_type=\"section\">\n\t\t\t\t\t\t<div class=\"elementor-container elementor-column-gap-default\">\n\t\t\t\t\t<div class=\"elementor-column elementor-col-25 elementor-top-column elementor-element elementor-element-67b005f\" data-id=\"67b005f\" data-element_type=\"column\">\n\t\t\t<div class=\"elementor-widget-wrap\">\n\t\t\t\t\t\t\t\t\t<\/div>\n\t\t<\/div>\n\t\t\t\t<div class=\"elementor-column elementor-col-25 elementor-top-column elementor-element elementor-element-647fdde\" data-id=\"647fdde\" data-element_type=\"column\">\n\t\t\t<div class=\"elementor-widget-wrap elementor-element-populated\">\n\t\t\t\t\t\t\t\t<div class=\"elementor-element elementor-element-44f29d7 elementor-widget elementor-widget-image\" data-id=\"44f29d7\" data-element_type=\"widget\" data-widget_type=\"image.default\">\n\t\t\t\t<div class=\"elementor-widget-container\">\n\t\t\t\t\t\t\t\t\t\t\t\t\t\t\t<img loading=\"lazy\" decoding=\"async\" width=\"800\" height=\"1000\" src=\"https:\/\/ladouka.com\/wp-content\/uploads\/2026\/02\/1-819x1024.png\" class=\"attachment-large size-large wp-image-1315\" alt=\"\" srcset=\"https:\/\/ladouka.com\/wp-content\/uploads\/2026\/02\/1-819x1024.png 819w, https:\/\/ladouka.com\/wp-content\/uploads\/2026\/02\/1-240x300.png 240w, https:\/\/ladouka.com\/wp-content\/uploads\/2026\/02\/1-768x960.png 768w, https:\/\/ladouka.com\/wp-content\/uploads\/2026\/02\/1-1229x1536.png 1229w, https:\/\/ladouka.com\/wp-content\/uploads\/2026\/02\/1-1638x2048.png 1638w, https:\/\/ladouka.com\/wp-content\/uploads\/2026\/02\/1-scaled.png 2048w\" sizes=\"auto, (max-width: 800px) 100vw, 800px\" \/>\t\t\t\t\t\t\t\t\t\t\t\t\t\t\t<\/div>\n\t\t\t\t<\/div>\n\t\t\t\t\t<\/div>\n\t\t<\/div>\n\t\t\t\t<div class=\"elementor-column elementor-col-25 elementor-top-column elementor-element elementor-element-0323cef\" data-id=\"0323cef\" data-element_type=\"column\">\n\t\t\t<div class=\"elementor-widget-wrap elementor-element-populated\">\n\t\t\t\t\t\t\t\t<div class=\"elementor-element elementor-element-acad8f7 elementor-widget elementor-widget-image\" data-id=\"acad8f7\" data-element_type=\"widget\" data-widget_type=\"image.default\">\n\t\t\t\t<div class=\"elementor-widget-container\">\n\t\t\t\t\t\t\t\t\t\t\t\t\t\t\t<img loading=\"lazy\" decoding=\"async\" width=\"800\" height=\"1000\" src=\"https:\/\/ladouka.com\/wp-content\/uploads\/2026\/02\/2-819x1024.png\" class=\"attachment-large size-large wp-image-1316\" alt=\"\" srcset=\"https:\/\/ladouka.com\/wp-content\/uploads\/2026\/02\/2-819x1024.png 819w, https:\/\/ladouka.com\/wp-content\/uploads\/2026\/02\/2-240x300.png 240w, https:\/\/ladouka.com\/wp-content\/uploads\/2026\/02\/2-768x960.png 768w, https:\/\/ladouka.com\/wp-content\/uploads\/2026\/02\/2-1229x1536.png 1229w, https:\/\/ladouka.com\/wp-content\/uploads\/2026\/02\/2-1638x2048.png 1638w, https:\/\/ladouka.com\/wp-content\/uploads\/2026\/02\/2-scaled.png 2048w\" sizes=\"auto, (max-width: 800px) 100vw, 800px\" \/>\t\t\t\t\t\t\t\t\t\t\t\t\t\t\t<\/div>\n\t\t\t\t<\/div>\n\t\t\t\t\t<\/div>\n\t\t<\/div>\n\t\t\t\t<div class=\"elementor-column elementor-col-25 elementor-top-column elementor-element elementor-element-20cd6c7\" data-id=\"20cd6c7\" data-element_type=\"column\">\n\t\t\t<div class=\"elementor-widget-wrap\">\n\t\t\t\t\t\t\t\t\t<\/div>\n\t\t<\/div>\n\t\t\t\t\t\t\t<\/div>\n\t\t<\/section>\n\t\t\t\t<section class=\"elementor-section elementor-top-section elementor-element elementor-element-5c72d37 elementor-section-boxed elementor-section-height-default elementor-section-height-default\" data-id=\"5c72d37\" data-element_type=\"section\">\n\t\t\t\t\t\t<div class=\"elementor-container elementor-column-gap-default\">\n\t\t\t\t\t<div class=\"elementor-column elementor-col-100 elementor-top-column elementor-element elementor-element-89ed55c\" data-id=\"89ed55c\" data-element_type=\"column\">\n\t\t\t<div class=\"elementor-widget-wrap elementor-element-populated\">\n\t\t\t\t\t\t\t\t<div class=\"elementor-element elementor-element-f4ecfa1 elementor-widget elementor-widget-spacer\" data-id=\"f4ecfa1\" data-element_type=\"widget\" data-widget_type=\"spacer.default\">\n\t\t\t\t<div class=\"elementor-widget-container\">\n\t\t\t\t\t<div class=\"elementor-spacer\">\n\t\t\t<div class=\"elementor-spacer-inner\"><\/div>\n\t\t<\/div>\n\t\t\t\t<\/div>\n\t\t\t\t<\/div>\n\t\t\t\t\t<\/div>\n\t\t<\/div>\n\t\t\t\t\t\t\t<\/div>\n\t\t<\/section>\n\t\t\t\t\t\t\t<\/div>\n\t\t","protected":false},"excerpt":{"rendered":"<p>\u00c9V\u00c9NEMENTS Nos activit\u00e9s, Se rencontrer, \u00e9changer, transmettre, valoriser des savoir-faire au travers de la cuisine mais pas que!\u00a0 Cultivons notre curiosit\u00e9, note ouverture d&rsquo;esprit, notre envie d&rsquo;apprendre et de d\u00e9couverte. Nous proposons des ateliers et des \u00e9v\u00e9nements culinaires et culturels, sur inscription par mail ou sms. \u00a0 \u00a0 \u00a0 Cliquez ici pour r\u00e9server<\/p>\n","protected":false},"author":2,"featured_media":0,"parent":0,"menu_order":0,"comment_status":"closed","ping_status":"closed","template":"elementor_header_footer","meta":{"footnotes":""},"class_list":["post-354","page","type-page","status-publish","hentry"],"yoast_head":"<!-- This site is optimized with the Yoast SEO plugin v20.6 - https:\/\/yoast.com\/wordpress\/plugins\/seo\/ -->\n<title>\u00c9v\u00e9nements - La Douka<\/title>\n<meta name=\"robots\" content=\"index, follow, max-snippet:-1, max-image-preview:large, max-video-preview:-1\" \/>\n<link rel=\"canonical\" href=\"https:\/\/ladouka.com\/index.php\/evenements\/\" \/>\n<meta property=\"og:locale\" content=\"fr_FR\" \/>\n<meta property=\"og:type\" content=\"article\" \/>\n<meta property=\"og:title\" content=\"\u00c9v\u00e9nements - La Douka\" \/>\n<meta property=\"og:description\" content=\"\u00c9V\u00c9NEMENTS Nos activit\u00e9s, Se rencontrer, \u00e9changer, transmettre, valoriser des savoir-faire au travers de la cuisine mais pas que!\u00a0 Cultivons notre curiosit\u00e9, note ouverture d&rsquo;esprit, notre envie d&rsquo;apprendre et de d\u00e9couverte. Nous proposons des ateliers et des \u00e9v\u00e9nements culinaires et culturels, sur inscription par mail ou sms. \u00a0 \u00a0 \u00a0 Cliquez ici pour r\u00e9server\" \/>\n<meta property=\"og:url\" content=\"https:\/\/ladouka.com\/index.php\/evenements\/\" \/>\n<meta property=\"og:site_name\" content=\"La Douka\" \/>\n<meta property=\"article:modified_time\" content=\"2026-03-27T15:25:59+00:00\" \/>\n<meta property=\"og:image\" content=\"https:\/\/ladouka.com\/wp-content\/uploads\/elementor\/thumbs\/dk_blanc-pwb7gedyjccsjld42tocxbkav2wr2r9iqeprw2a9ds.png\" \/>\n<meta name=\"twitter:card\" content=\"summary_large_image\" \/>\n<meta name=\"twitter:label1\" content=\"Dur\u00e9e de lecture estim\u00e9e\" \/>\n\t<meta name=\"twitter:data1\" content=\"2 minutes\" \/>\n<script type=\"application\/ld+json\" class=\"yoast-schema-graph\">{\"@context\":\"https:\/\/schema.org\",\"@graph\":[{\"@type\":\"WebPage\",\"@id\":\"https:\/\/ladouka.com\/index.php\/evenements\/\",\"url\":\"https:\/\/ladouka.com\/index.php\/evenements\/\",\"name\":\"\u00c9v\u00e9nements - La Douka\",\"isPartOf\":{\"@id\":\"https:\/\/ladouka.com\/#website\"},\"datePublished\":\"2022-10-31T10:30:09+00:00\",\"dateModified\":\"2026-03-27T15:25:59+00:00\",\"breadcrumb\":{\"@id\":\"https:\/\/ladouka.com\/index.php\/evenements\/#breadcrumb\"},\"inLanguage\":\"fr-FR\",\"potentialAction\":[{\"@type\":\"ReadAction\",\"target\":[\"https:\/\/ladouka.com\/index.php\/evenements\/\"]}]},{\"@type\":\"BreadcrumbList\",\"@id\":\"https:\/\/ladouka.com\/index.php\/evenements\/#breadcrumb\",\"itemListElement\":[{\"@type\":\"ListItem\",\"position\":1,\"name\":\"Accueil\",\"item\":\"https:\/\/ladouka.com\/\"},{\"@type\":\"ListItem\",\"position\":2,\"name\":\"\u00c9v\u00e9nements\"}]},{\"@type\":\"WebSite\",\"@id\":\"https:\/\/ladouka.com\/#website\",\"url\":\"https:\/\/ladouka.com\/\",\"name\":\"La Douka\",\"description\":\"A saintes, cuisine collaborative et inclusive, valorisant les savoir-faire de personnes originaires d&#039;autres r\u00e9gions du monde.\",\"publisher\":{\"@id\":\"https:\/\/ladouka.com\/#organization\"},\"potentialAction\":[{\"@type\":\"SearchAction\",\"target\":{\"@type\":\"EntryPoint\",\"urlTemplate\":\"https:\/\/ladouka.com\/?s={search_term_string}\"},\"query-input\":\"required name=search_term_string\"}],\"inLanguage\":\"fr-FR\"},{\"@type\":\"Organization\",\"@id\":\"https:\/\/ladouka.com\/#organization\",\"name\":\"La Douka\",\"url\":\"https:\/\/ladouka.com\/\",\"logo\":{\"@type\":\"ImageObject\",\"inLanguage\":\"fr-FR\",\"@id\":\"https:\/\/ladouka.com\/#\/schema\/logo\/image\/\",\"url\":\"https:\/\/ladouka.com\/wp-content\/uploads\/2022\/04\/cropped-dk_couleurs_hd.png\",\"contentUrl\":\"https:\/\/ladouka.com\/wp-content\/uploads\/2022\/04\/cropped-dk_couleurs_hd.png\",\"width\":1615,\"height\":462,\"caption\":\"La Douka\"},\"image\":{\"@id\":\"https:\/\/ladouka.com\/#\/schema\/logo\/image\/\"}}]}<\/script>\n<!-- \/ Yoast SEO plugin. -->","yoast_head_json":{"title":"\u00c9v\u00e9nements - La Douka","robots":{"index":"index","follow":"follow","max-snippet":"max-snippet:-1","max-image-preview":"max-image-preview:large","max-video-preview":"max-video-preview:-1"},"canonical":"https:\/\/ladouka.com\/index.php\/evenements\/","og_locale":"fr_FR","og_type":"article","og_title":"\u00c9v\u00e9nements - La Douka","og_description":"\u00c9V\u00c9NEMENTS Nos activit\u00e9s, Se rencontrer, \u00e9changer, transmettre, valoriser des savoir-faire au travers de la cuisine mais pas que!\u00a0 Cultivons notre curiosit\u00e9, note ouverture d&rsquo;esprit, notre envie d&rsquo;apprendre et de d\u00e9couverte. Nous proposons des ateliers et des \u00e9v\u00e9nements culinaires et culturels, sur inscription par mail ou sms. \u00a0 \u00a0 \u00a0 Cliquez ici pour r\u00e9server","og_url":"https:\/\/ladouka.com\/index.php\/evenements\/","og_site_name":"La Douka","article_modified_time":"2026-03-27T15:25:59+00:00","og_image":[{"url":"https:\/\/ladouka.com\/wp-content\/uploads\/elementor\/thumbs\/dk_blanc-pwb7gedyjccsjld42tocxbkav2wr2r9iqeprw2a9ds.png"}],"twitter_card":"summary_large_image","twitter_misc":{"Dur\u00e9e de lecture estim\u00e9e":"2 minutes"},"schema":{"@context":"https:\/\/schema.org","@graph":[{"@type":"WebPage","@id":"https:\/\/ladouka.com\/index.php\/evenements\/","url":"https:\/\/ladouka.com\/index.php\/evenements\/","name":"\u00c9v\u00e9nements - La Douka","isPartOf":{"@id":"https:\/\/ladouka.com\/#website"},"datePublished":"2022-10-31T10:30:09+00:00","dateModified":"2026-03-27T15:25:59+00:00","breadcrumb":{"@id":"https:\/\/ladouka.com\/index.php\/evenements\/#breadcrumb"},"inLanguage":"fr-FR","potentialAction":[{"@type":"ReadAction","target":["https:\/\/ladouka.com\/index.php\/evenements\/"]}]},{"@type":"BreadcrumbList","@id":"https:\/\/ladouka.com\/index.php\/evenements\/#breadcrumb","itemListElement":[{"@type":"ListItem","position":1,"name":"Accueil","item":"https:\/\/ladouka.com\/"},{"@type":"ListItem","position":2,"name":"\u00c9v\u00e9nements"}]},{"@type":"WebSite","@id":"https:\/\/ladouka.com\/#website","url":"https:\/\/ladouka.com\/","name":"La Douka","description":"A saintes, cuisine collaborative et inclusive, valorisant les savoir-faire de personnes originaires d&#039;autres r\u00e9gions du monde.","publisher":{"@id":"https:\/\/ladouka.com\/#organization"},"potentialAction":[{"@type":"SearchAction","target":{"@type":"EntryPoint","urlTemplate":"https:\/\/ladouka.com\/?s={search_term_string}"},"query-input":"required name=search_term_string"}],"inLanguage":"fr-FR"},{"@type":"Organization","@id":"https:\/\/ladouka.com\/#organization","name":"La Douka","url":"https:\/\/ladouka.com\/","logo":{"@type":"ImageObject","inLanguage":"fr-FR","@id":"https:\/\/ladouka.com\/#\/schema\/logo\/image\/","url":"https:\/\/ladouka.com\/wp-content\/uploads\/2022\/04\/cropped-dk_couleurs_hd.png","contentUrl":"https:\/\/ladouka.com\/wp-content\/uploads\/2022\/04\/cropped-dk_couleurs_hd.png","width":1615,"height":462,"caption":"La Douka"},"image":{"@id":"https:\/\/ladouka.com\/#\/schema\/logo\/image\/"}}]}},"_links":{"self":[{"href":"https:\/\/ladouka.com\/index.php\/wp-json\/wp\/v2\/pages\/354","targetHints":{"allow":["GET"]}}],"collection":[{"href":"https:\/\/ladouka.com\/index.php\/wp-json\/wp\/v2\/pages"}],"about":[{"href":"https:\/\/ladouka.com\/index.php\/wp-json\/wp\/v2\/types\/page"}],"author":[{"embeddable":true,"href":"https:\/\/ladouka.com\/index.php\/wp-json\/wp\/v2\/users\/2"}],"replies":[{"embeddable":true,"href":"https:\/\/ladouka.com\/index.php\/wp-json\/wp\/v2\/comments?post=354"}],"version-history":[{"count":160,"href":"https:\/\/ladouka.com\/index.php\/wp-json\/wp\/v2\/pages\/354\/revisions"}],"predecessor-version":[{"id":1371,"href":"https:\/\/ladouka.com\/index.php\/wp-json\/wp\/v2\/pages\/354\/revisions\/1371"}],"wp:attachment":[{"href":"https:\/\/ladouka.com\/index.php\/wp-json\/wp\/v2\/media?parent=354"}],"curies":[{"name":"wp","href":"https:\/\/api.w.org\/{rel}","templated":true}]}}